+ h)/(1 + 0). What is the highest common factor of 7 and u?
7
Suppose 56 = 2*g + 28. What is the greatest common divisor of g and 42?
14
Let b = 55 + -35. Suppose -o - 9 = 2*o. Let f(g) = -20*g. Let w be f(o). Calculate the highest common divisor of w and b.
20
Let i = 22 - 16. Let o(s) = s**2 - 4*s - 2. Let a be o(i). Let y be (-1 - a)*(-6 + 4). Calculate the greatest common divisor of 33 and y.
11
Suppose 0*b + b = 13. Let f = b + -3. Calculate the greatest common divisor of f and 10.
10
Let s = -10 + 11. Let v be (-1)/(s/2)*-20. Calculate the greatest common divisor of v and 8.
8
Suppose -n + 2*q = -140, -5*n - 2*q = -769 + 21. What is the highest common divisor of 37 and n?
37
Let g(w) = -2*w - 11. Let m be g(-12). Calculate the greatest common factor of m and 26.
13
Suppose j - 5*c - 8 = 40, -2*c = 10. Suppose 2*g + 5*g - 1771 = 0. Calculate the highest common factor of j and g.
23
Suppose 1 + 1 = i. Let o(b) = -5*b - 8. Let n(x) = 51*x + 81. Let r(h) = i*n(h) + 21*o(h). Let c be r(-4). What is the greatest common divisor of 4 and c?
2
Suppose 0 = -2*x - 4, -6*x - 4 = 4*t - 2*x. Let i(s) = 49*s**3. Let z be i(t). Calculate the highest common factor of z and 7.
7
Suppose 471 - 71 = 5*n. Let g(j) = 4*j**2 + 0*j**2 - 3*j**2 + j + 4. Let q be g(-3). What is the highest common divisor of q and n?
10
Suppose a - 3*a + 56 = 0. Suppose 3*k + 2*k - 204 = 3*f, f = -k + 44. What is the highest common factor of a and k?
14
Suppose -2*x + 4*x - 10 = 0. Let g be 24/84 - 276/(-14). Calculate the greatest common divisor of g and x.
5
Suppose -4*p + 42 = -82. Suppose -4*d + 13 + p = 0. Calculate the highest common factor of d and 11.
11
Let k(n) = n**2 + 4. Let a be k(-4). Let d = 9 - -1. What is the highest common factor of d and a?
10
Let s = -1 + 4. Let f be 2 + (16*3)/s. Let t be (0 - 6)*(-8 + -4). What is the greatest common factor of f and t?
18
Let v be (4/(-4))/((-4)/640). Calculate the highest common factor of 40 and v.
40
Let d be (0 - 4)*(1 - 4). Let w be 15/(-6) + 1/(-2). Let v be (-4)/w*2*18. Calculate the highest common factor of v and d.
12
Suppose 4*z - 4 = 0, -4*c - 4*z + 9 = -15. Calculate the greatest common factor of 5 and c.
5
Let l(n) = -9*n - 2 + 0 + 6 + 3. Let x be l(-9). Calculate the greatest common divisor of 11 and x.
11
Let x(t) = 8*t**2 - 10*t + 8. Let n be x(8). Suppose 5*a = 5*r + n, 3*r = -2*a - 2*a + 352. Calculate the greatest common factor of a and 11.
11
Let z = -111 + 133. What is the highest common factor of z and 55?
11
Suppose 5*l = 3*y - 41, y - 4 = -4*l + 4. Calculate the highest common factor of y and 12.
12
Let g(z) = -z**2 - 13*z + 2. Let j be g(-13). Let w(q) = -7*q + q**j - 4*q + 6 + 9*q. Let i be w(5). What is the highest common divisor of i and 14?
7
Suppose -57 = 4*f - 169. Suppose -5*k + f = -k. Calculate the highest common factor of k and 21.
7
Let n(l) = -l**2 + 10*l + 11. Let q be n(11). Let m be q - 2 - (-4 - 1). Calculate the greatest common factor of m and 21.
3
Let y be 2/10 + 3058/110. Calculate the highest common factor of y and 280.
28
Let u be (-3)/6 + (-5)/(-10). Suppose -2*q + 120 = -u*q. What is the highest common factor of q and 15?
15
Suppose -2*m = -0*m - 5*u - 115, 2*m + 5*u - 65 = 0. What is the greatest common factor of 5 and m?
5
Let h = 43 + -36. Calculate the greatest common divisor of h and 49.
7
Suppose 0 = 2*r + 12 - 36. Let g(w) = -12*w + 24. Let b be g(-5). Calculate the highest common factor of b and r.
12
Suppose 5*o = 651 + 99. Calculate the highest common factor of o and 10.
10
Suppose 0 = -5*c - 1 - 4. Let s be 6 - -2 - c - 3. What is the greatest common divisor of s and 9?
3
Suppose 0 = c - 4, l + c = -2*l + 7. Let g be -1*-13*(l - 0). What is the highest common factor of 91 and g?
13
Let j(f) = -f + 7. Let d be j(5). Suppose -2*s - 2*s = -52. Let l = s + -8. What is the greatest common divisor of d and l?
1
Suppose -2*a + 5 = -13. Let x(f) = f**3 + 6*f**2 - f - 8. Let k be x(-6). Let m = 1 - k. Calculate the highest common factor of m and a.
3
Suppose 0 = 2*z - 7*z + 585. Let c(m) = -m**2 + 6*m + 5. Let b be c(4). What is the greatest common divisor of b and z?
13
Suppose 2*f - 34 = -2*l, -2*l + 2*f + 8 = -l. Let g = -5 + 8. Suppose 0*u + 3*u = -2*n + 314, g*u + 148 = n. What is the greatest common divisor of n and l?
14
Suppose 0 = -3*l + 7 - 1. Let i = l + 0. Let p = 8 + i. What is the highest common factor of p and 30?
10
Suppose 52*o - 51*o - 12 = 0. Calculate the greatest common divisor of o and 156.
12
Suppose 0 = i + 4*i - 90. Suppose j - 2 = 2, 14 = -3*r - j. Let l be (r/(-4) + -1)*36. What is the highest common divisor of l and i?
18
Let m = 4 - 0. Let c = 7 - m. Let z(o) = -o**2 + 5*o - 3. Let s be z(c). What is the greatest common factor of 1 and s?
1
Let v(i) = -i**3 + 8*i**2 + 13*i - 28. Let q be v(9). What is the greatest common divisor of q and 8?
8
Suppose -h - 3*h = -v - 577, 0 = -2*h - v + 287. What is the highest common divisor of 18 and h?
18
Let k be (-10016)/(-10) - 6/10. Suppose -k = -5*v - 126. Calculate the greatest common factor of v and 70.
35
Suppose -130 = -5*x + x - v, -2*x = -4*v - 56. Calculate the highest common divisor of x and 96.
32
Let l be 3/(0 - (-1 - 0)). Suppose -z = -l*c + 1246, z - c = -1164 - 78. Let d be 4/6 + z/(-12). Calculate the greatest common factor of d and 13.
13
Suppose 4*v = 0, 2*h + 0*v - 2*v = -22. Let m = h + 18. Let c be m/1 + (-2 - -5). Calculate the greatest common divisor of c and 2.
2
Let f(p) = -p**3 - 5*p**2 + 2*p + 8. Let a be f(-5). Let b(n) = 3 + 2*n**2 + 0 + 3*n - 1. Let k be b(a). What is the greatest common factor of 1 and k?
1
Let z = 10 - 14. Let x be (-2 - z)*1 - -2. Let s(t) = 2*t + 2. Let a be s(x). What is the greatest common factor of 20 and a?
10
Let b(u) = u**3 - 4*u**2 + 4*u - 2. Let y be b(2). Let k = y - 4. Let n = 14 + k. Calculate the greatest common factor of 4 and n.
4
Let b(x) = x + 10. Let m be b(-8). Suppose -4*v + 10 = -m. Suppose -w - v*r = -7, 5 = w + 4*r - 2. What is the highest common factor of w and 7?
7
Let a(x) = -x**3 - 2*x**2 + x - 3. Let s be a(-3). Suppose -o + 360 = s*o. What is the highest common factor of 9 and o?
9
Let d = 232 + -112. Calculate the greatest common factor of 5 and d.
5
Let d be -3*39/(-18)*4. What is the greatest common divisor of d and 52?
26
Let z = -96 - -142. Let v = 44 + z. What is the highest common divisor of 10 and v?
10
Let a be 98 + 1/3*3. Suppose r + a = 4*r. What is the highest common divisor of r and 11?
11
Suppose -9*z + 4*z + 90 = 0. Let n(i) = -i + 26. Let u be n(-28). What is the greatest common divisor of z and u?
18
Let i(g) be the first derivative of 3*g**4/4 - g**3 + 3*g**2/2 - 2*g - 8. Let w be i(2). What is the greatest common divisor of w and 64?
16
Suppose -2*x = 2*x. Suppose 5*z + x*p - 64 = -2*p, -3*z = 5*p - 46. Calculate the highest common divisor of z and 24.
12
Let z be 55/20 - (-2)/8. Let t be 4/(-14) + 19/(-7). Let r be -4*z*(-3 + t). What is the greatest common factor of 9 and r?
9
Let s(o) = -o**2 + 11*o + 2. Let m be s(11). What is the highest common divisor of 1 and m?
1
Let s(g) = g**2 - 7*g + 58. Let t be s(7). What is the highest common factor of t and 290?
58
Let f be 1/(-4) - 26/(-8). Suppose 60 = f*y + 2*y. Suppose -i = 2 - y. Calculate the greatest common divisor of i and 10.
10
Let y(g) = -128*g + 2. Let w be y(-1). Calculate the highest common divisor of w and 13.
13
Let h(t) = -t**3 + 5*t**2 + 2*t + 6. Let g be h(4). Calculate the highest common divisor of 45 and g.
15
Let y = -24 + 27. Suppose 15 = 2*o + 3*t, 3*o - 2*t = 5*o - 20. What is the highest common divisor of y and o?
3
Let j be -4 + 2*(-16)/(-4). Let x(q) = 20*q - 4. Let m be x(2). What is the highest common divisor of j and m?
4
Let r(c) = 2*c**3 - 11*c**2 + 11*c - 3. Let d be r(5). Calculate the highest common factor of d and 243.
27
Suppose 5*b = 156 + 159. Let w = b - 38. Calculate the highest common factor of 5 and w.
5
Suppose 5*j - 54 = z, z + 25 + 29 = -2*j. Let s = -38 - z. What is the greatest common divisor of 24 and s?
8
Let l(v) = 6*v - 2. Let u be l(3). Let n be 5*(0 - (1 + -2)). Suppose -4*k = 5*s - 13, -2*k - s - 5 = -n*k. Calculate the highest common factor of u and k.
2
Suppose -2*c + 3 - 11 = 5*r, 0 = r. Let s be c + 6 